14
-a4524
What is 44999 (base 14) in base 11?
10413a
Convert -122211223 (base 4) to base 7.
-632341
-274c0c2 (base 14) to base 11
-a804a46
-1011111010100000110 (base 2) to base 12
-169b1a
Convert 100204 (base 9) to base 8.
163517
Convert 320003002 (base 4) to base 14.
5d93c
Convert -31332141 (base 5) to base 2.
-111111110110101010
Convert -3511331 (base 8) to base 14.
-1ac0d3
6338054 (base 9) to base 11
1a06a82
What is -143b6 (base 14) in base 15?
-ecca
-21955aa (base 11) to base 4
-32222103322
What is -300d44 (base 14) in base 7?
-16510414
What is -24544b (base 16) in base 13?
-654903
1aa1128 (base 12) to base 14
a7d3b2
Convert -10010100000011000001 (base 2) to base 8.
-2240301
What is -2340014 (base 5) in base 12?
-20b66
Convert -18516a (base 13) to base 10.
-611023
Convert 3340335 (base 8) to base 3.
1200210102000
What is -4025043 (base 6) in base 7?
-1421610
Convert -223020 (base 9) to base 7.
-1063665
What is 243702 (base 8) in base 6?
1444242
111000001101111100 (base 2) to base 6
4534020
-132405121 (base 6) to base 7
-31324165
Convert -11022021121 (base 3) to base 7.
-502066
What is 365a91 (base 16) in base 13?
97948c
Convert -257409 (base 13) to base 16.
-dc14f
-102211322 (base 4) to base 3
-10212110112
What is a034 (base 16) in base 15?
c242
What is -1212212000 (base 3) in base 16?
-90cf
Convert -2020101222 (base 5) to base 11.
-2327783
Convert 18d92c (base 16) to base 4.
12031210230
Convert -1000011110111011011 (base 2) to base 8.
-1036733
What is 10310111201 (base 4) in base 8?
4642541
Convert 11223112132 (base 4) to base 14.
2aa542
What is 13006412 (base 8) in base 16?
2c0d0a
1101000341 (base 5) to base 10
2359471
-61518 (base 15) to base 4
-1023100301
2100212020100 (base 3) to base 8
4627007
What is 4b1d7 (base 14) in base 6?
3540533
-54015014 (base 6) to base 3
-2222201021101
Convert -2713580 (base 9) to base 7.
-15424521
512155 (base 10) to base 13
14c167
-17668 (base 9) to base 15
-3942
What is -32021012 (base 4) in base 11?
-3a580
2000122020021 (base 3) to base 14
1ddcd6
-112001123122 (base 4) to base 9
-11768074
-2330062 (base 7) to base 9
-485777
Convert 143322313 (base 5) to base 14.
15b462
1543633 (base 7) to base 3
101210200101
2230111023 (base 4) to base 13
1b9396
10023222122 (base 4) to base 3
2001200220102
-1d3d17 (base 15) to base 9
-2620334
What is 57432 (base 12) in base 10?
116390
What is -129ab9 (base 15) in base 11?
-560274
Convert -10002230322 (base 4) to base 14.
-1d824a
Convert -6d858 (base 15) to base 3.
-122202102202
Convert 2b14b (base 12) to base 8.
166413
-101110100000110000001 (base 2) to base 15
-2018b7
What is 389633 (base 12) in base 7?
10615662
What is 301201 (base 6) in base 7?
125566
What is 24612400 (base 7) in base 13?
5ca3a3
Convert 171572 (base 8) to base 3.
10011111112
-234050250 (base 6) to base 2
-10000110000010100110110
Convert 111000111111010100111 (base 2) to base 11.
1066035
Convert -241110111 (base 5) to base 2.
-100001111110001000100
What is 6460307 (base 8) in base 16?
1a60c7
3e5d5 (base 15) to base 8
607402
Convert 2100103 (base 4) to base 5.
243420
16980a6 (base 11) to base 2
1010111111001110010000
What is 201844 (base 9) in base 4?
131023123
What is -b216b (base 16) in base 14?
-14db99
-115664211 (base 7) to base 8
-33644603
Convert -27852 (base 16) to base 15.
-32e69
What is -4598306 (base 10) in base 14?
-879aa6
What is -42421 (base 5) in base 13?
-13c1
Convert -3bb562 (base 15) to base 3.
-12101222111002
What is 39aa3 (base 11) in base 15?
11e50
41412024 (base 5) to base 16
5360a
Convert 165bb7 (base 15) to base 3.
2001000010001
Convert 321010231200 (base 4) to base 11.
8499888
Convert -195496 (base 15) to base 8.
-4550024
735065 (base 9) to base 14
b5230
What is -8afe83 (base 16) in base 14?
-12d1919
What is 100000011010100001 (base 2) in base 8?
403241
What is c44b0 (base 14) in base 5?
110113111
What is 2141235 (base 6) in base 10?
106583
Convert -24233143 (base 6) to base 2.
-10111011001010110111
What is -5034889 (base 12) in base 6?
-1253301453
-16ab8b (base 15) to base 16
-10c6d9
Convert 10101010110010 (base 2) to base 12.
63aa
Convert -10143334 (base 5) to base 16.
-148fb
Convert -3d236 (base 15) to base 13.
-6b433
Convert 21123002 (base 4) to base 15.
b67e
What is -104333024 (base 5) in base 12?
-1a4b64
What is -26351331 (base 7) in base 8?
-11156456
What is -101000101101001011111 (base 2) in base 15?
-1b533a
-278651 (base 9) to base 5
-20423024
Convert 44c997 (base 13) to base 3.
10001200102000
Convert -2113 (base 15) to base 4.
-1231101
What is 7297522 (base 11) in base 2?
110001000100110011101000
What is -10834132 (base 9) in base 15?
-6e3d15
-6c431 (base 13) to base 9
-332185
Convert 306b690 (base 12) to base 7.
140240313
What is 81b388 (base 12) in base 9?
3734825
Convert 1522661 (base 8) to base 10.
435633
Convert -4450 (base 13) to base 16.
-2539
Convert 1110000001000100 (base 2) to base 13.
20194
504286 (base 10) to base 3
221121202021
Convert 20724 (base 13) to base 4.
32033133
Convert 220113120233 (base 4) to base 9.
21817138
-200327 (base 9) to base 7
-1002043
Convert -100302404 (base 5) to base 10.
-400354
3341211221 (base 5) to base 13
16abc4c
Convert 37a19 (base 12) to base 7.
433614
c83610 (base 13) to base 9
8740623
Convert 14b2a (base 14) to base 10.
51586
What is 902670 (base 10) in base 16?
dc60e
11030103 (base 6) to base 14
88647
What is 80941 (base 11) in base 16?
1cdf6
What is 3366a6 (base 14) in base 3?
10021201202102
Convert -8a78cc (base 13) to base 14.
-612a33
566ba0 (base 12) to base 5
323140043
Convert 682ac (base 15) to base 14.
88a8a
Convert 894673 (base 10) to base 9.
1613231
What is 4507316 (base 8) in base 16?
128ece
What is 1010011001101000111 (base 2) in base 4?
1103031013
What is -3a221 (base 16) in base 11?
-152997
-56447 (base 9) to base 2
-1001001010101010
4735c (base 13) to base 9
217544
Convert 1011211221120 (base 3) to base 5.
130030101
What is 46205 (base 8) in base 4?
10302011
Convert -133014134 (base 5) to base 15.
-d4649
What is -3150753 (base 11) in base 16?
-54af14
What is 111010233 (base 4) in base 6?
1503343
Convert -101121001202 (base 3) to base 13.
-73bc8
-95a29 (base 12) to base 16
-30081
Convert 12644717 (base 8) to base 9.
5303488
Convert 16920 (base 13) to base 10.
43290
11101110110111011000 (base 2) to base 4
3232313120
What is -2000d (base 14) in base 13?
-28c92
Convert -2a9d5 (base 14) to base 7.
-621455
213223121 (base 6) to base 3
21010221211211
What is 9528e3 (base 15) in base 16?
6c47c7
15842 (base 10) to base 14
5ab8
What is 11021002112 (base 3) in base 7?
466421
What is 398345 (base 10) in base 4?
1201100021
What is -5807575 (base 9) in base 2?
-1011111101011011000101
14127 (base 11) to base 4
10322103
What is 1003013023 (base 4) in base 15?
566b1
-5121011 (base 6) to base 10
-243871
What is 35404535 (base 6) in base 9?
2064115
2012005 (base 7) to base 8
721466
-393122 (base 15) to base 12
-b04058
Convert 1b5bcb0 (base 13) to base 10.
9080175
What is 2304de (base 15) in base 2?
110011000001000110110
Convert -377835 (base 9) to base 7.
-1642136
221212002111201 (base 3) to base 13
2b01314
1c0dc (base 16) to base 11
79372
What is -3041267 (base 8) in base 16?
-c42b7
What is -2173116 (base 9) in base 15?
-181a96
Convert 323302102 (base 5) to base 12.
569378
Convert -3b6306 (base 14) to base 6.
-112001042
1300132301 (base 4) to base 13
131921
What is 220031210102 (base 4) in base 3?
201211112222122
What is -1016341 (base 8) in base 4?
-1001303201
1001011111000110101 (base 2) to base 3
120210101111
What is 6308265 (base 9) in base 6?
200134222
Convert -109329 (base 11) to base 9.
-283803
Convert 202120221220 (base 3) to base 4.
1202330232
What is 239859 (base 10) in base 5?
30133414
What is -10002033122 (base 4) in base 16?
-1023da
Convert -1307363 (base 8) to base 3.
-200111200200
What is ca55 (base 15) in base 3?
2011202022
What is -42205163 (base 7) in base 15?
-4a63e8
-6c619d (base 14) to base 15
-4d2a75
What is -7688a3 (base 11) in base 14?
-23d1c0
3254502 (base 6) to base 3
22021122202
-31441222 (base 5) to base 13
-93920
What is b82b8 (base 14) in base 2?
1101100101010011010
What is -150888 (base 11) in base 16?
-39738
What is -1442410 (base 6) in base 2?
-10100011001000110
Convert -1123542 (base 7) to